43
Suppose 2*q = 4*n - 50, -5*q - 28 = -2*n - q. Let h = n + 48. List the prime factors of h.
2, 3, 5
Let o(p) = -3*p**3 - 2*p**2 + 12*p - 2. Let d(v) = v**3 - v**2 + 2. Let h(u) = -2*d(u) - o(u). List the prime factors of h(5).
163
Suppose -2*i + 10665 = 8*s - 18401, -i - 3*s + 14536 = 0. What are the prime factors of i?
5, 2909
Let q = 8007 - 2291. What are the prime factors of q?
2, 1429
Suppose -3*k + 30390 = 14*m - 11*m, -4*k = -3*m + 30369. What are the prime factors of m?
13, 19, 41
Let l(w) = 390*w**2 + 26*w - 87. Let n be l(3). Suppose 0 = -5*a - 2*m + 718 + 2771, 5*a - 2*m - n = 0. List the prime factors of a.
3, 233
Let t = -9492 + 15817. What are the prime factors of t?
5, 11, 23
Let n be 3928/(-1)*24/(-48). Suppose -5*d = 8*c - 9*c - 4927, -2*d + n = 3*c. List the prime factors of d.
5, 197
Suppose 3*f + 16*m - 20*m - 1359 = 0, 5*m = -3*f + 1332. Let y = f + -136. What are the prime factors of y?
313
Suppose -10 = -l - 4*l. Suppose l*n - 216 = n - b, -b + 858 = 4*n. Let j = n - 82. List the prime factors of j.
2, 3, 11
Suppose 0*w - 2*w - 4*j + 14066 = 0, -4*w + 28128 = 6*j. What are the prime factors of w?
3, 11, 71
Suppose 0 = -183*g - 71*g - 263*g + 26672030. List the prime factors of g.
2, 5, 7, 11, 67
Let d(t) be the third derivative of -67*t**4/24 - 17*t**3/2 + 15*t**2. What are the prime factors of d(-10)?
619
Let v = -16223 + 19526. What are the prime factors of v?
3, 367
Let y be 1 + (-159456)/(-20) - 13/(-65). Suppose 10*z - 6106 - y = 0. What are the prime factors of z?
2, 11
Let q(w) = -3*w**2 + w + 565. Suppose -2*p - 10 = 2*h, 21 = -5*h - 4. What are the prime factors of q(p)?
5, 113
Suppose 3*a = -z + 1154, 3*a + 0*z - 1169 = -4*z. Suppose -3*o = -451 - a. List the prime factors of o.
2, 139
Let m = -7067 - -9973. What are the prime factors of m?
2, 1453
Suppose -26 = b + 55. Let k = b + 63. List the prime factors of -3 - (-212)/18 - 4/k.
3
Suppose -4*s = -4*d + 24, 0 = -4*d - 4*s - 18 + 50. Let l be d - 6 - 1*15. Let o(c) = -2*c**2 - 32*c + 16. What are the prime factors of o(l)?
2, 3
Suppose 1034 - 3262 = -2*l. Let z = l + -776. List the prime factors of z.
2, 13
Let a = 28 + -35. Let l be (5 + a)*(-15)/6. Suppose 4*z - l*z = -5. What are the prime factors of z?
5
List the prime factors of ((-36920)/28)/(550/70 + -8).
2, 5, 13, 71
Suppose 7*a - 1477 = 38668. What are the prime factors of a?
5, 31, 37
Let k be (-1)/1*2/(-2) - 1061. Let h = 1860 + k. What are the prime factors of h?
2, 5
Let v = 29 - 13. Suppose 385 - v = -3*i. Let a = i - -215. List the prime factors of a.
2, 23
Let b(k) = 6*k**2 + 5*k - 7. Let o be b(-2). Let n(g) = 18*g**2 + 26*g - 156. List the prime factors of n(o).
2, 227
Let m = -704 + 709. Suppose 0 = -3*y - m*t + 8303 - 3210, 1701 = y + 5*t. List the prime factors of y.
2, 53
Suppose 3*q = g + 78, -3*g + 131 + 13 = 5*q. Suppose -4*l + 119 = -q*b + 28*b, 5*l - 25 = 0. What are the prime factors of b?
3, 11
Let m(d) = -2*d**2 + 7*d - 7. Let c be m(4). Let b(p) = 10*p + 47. Let i(k) = -19*k - 93. Let f(n) = c*b(n) - 6*i(n). List the prime factors of f(16).
3, 5, 7
Suppose -4*y + 108308 = 2*n, 14*y - 10*y - 4*n - 108308 = 0. What are the prime factors of y?
27077
Suppose 0 = 4*d + 2*d. Suppose 0 = 4*k - d*k - 1096. What are the prime factors of k?
2, 137
Let d = 35 - 49. Let s be (d/(-10) - 18/45) + 159. Suppose 5*m = 175 + s. List the prime factors of m.
67
Suppose -47045 - 245555 = -35*g. List the prime factors of g.
2, 5, 11, 19
Suppose -16*l + 84 = -2*l. Let d be (-1 + 3)/(l + 112/(-21)). Suppose 4*c - 1094 = d*h, 204 = -5*c + 2*h + 1568. List the prime factors of c.
2, 17
Let j(c) = -c**2 + 10*c + 108. Let z be j(-18). Let i = 1072 + z. List the prime factors of i.
2, 13
Let u(k) = 3*k - 13. Let v be u(-9). Let n be ((-183)/(-6))/((12/v)/3). List the prime factors of -2*(-1 + 1 + n/10).
61
Suppose -r + 91*l = 93*l - 36791, 0 = 5*r + 2*l - 183995. What are the prime factors of r?
3, 29, 47
Suppose 0 = -5*t, 5*q + t - 284 - 1261 = 0. Suppose 0 = -4*j + 5*j - 156. Let x = q - j. What are the prime factors of x?
3, 17
Suppose 0*q + 8 = 8*q. Let z be 15/q*(-1 - -48). Suppose 0 = 15*a - 10*a - z. List the prime factors of a.
3, 47
Suppose -2838574 = -344*t + 238*t. What are the prime factors of t?
61, 439
Let w = -51578 - -104023. What are the prime factors of w?
5, 17, 617
Suppose 5*g - 5049 = -2*u, -g - g + 3*u = -2031. List the prime factors of (1 - (5 + -5))*(g - -2).
1013
Suppose -24292 = -8*r + 30348. List the prime factors of r.
2, 5, 683
Let s(d) = -2*d**2 + 298*d - 31. What are the prime factors of s(99)?
71, 139
Let c(z) = 43*z + 23. Suppose -6*u - 59 - 13 = 0. Let d be c(u). Let b = d - -771. What are the prime factors of b?
2, 139
Let k = -336 + 279. List the prime factors of (k/(-228))/((-2)/(-2344)).
293
Suppose -9 = 3*j, 4*j + 36 = -0*c - 4*c. Let f be c/(36/24*(-8)/(-6)). List the prime factors of (1 - (0 + f)) + 174.
2, 89
Let c(f) = 4*f**2 - 11*f - 12. Let o(m) = -4*m - 38. Let b be o(-11). Let v be c(b). Let i = 179 - v. What are the prime factors of i?
113
List the prime factors of (301/(-70) - -4) + (-246765)/(-50).
3, 5, 7, 47
Let o(k) = -2*k**2 - 53*k - 24. Let y be o(-26). What are the prime factors of (-16)/(y + 315/(-155))?
2, 31
Suppose -187*h = 401819 - 4016716. What are the prime factors of h?
13, 1487
List the prime factors of (-65 - -53)*2/(12/(-14799)).
2, 3, 4933
Let y(q) = 490*q**3 + 7*q**2 - 44*q + 153. List the prime factors of y(3).
2, 3, 7, 317
Let j = 248 + 2902. Suppose 8*s - 38*s = -j. List the prime factors of s.
3, 5, 7
Suppose -4*m + m + 325 = -5*v, 141 = -2*v - m. Let x = 1196 + -1027. Let p = v + x. What are the prime factors of p?
101
Let z(c) = c**3 - 42*c**2 - 161*c + 221. List the prime factors of z(49).
13, 19, 37
Let p be ((-3)/5)/(-5 + 104/20). List the prime factors of p/(-12)*12 - -122.
5
Suppose 0 = -2*i + 2 + 6, i = -2*g + 8. Let t(h) = 12*h**2 + 16*h + 16 - 8*h**g - 5*h**2. List the prime factors of t(14).
2, 11
Let o(u) be the second derivative of 5/3*u**4 - 21*u + 1/2*u**2 + 1/3*u**3 + 0. What are the prime factors of o(-2)?
7, 11
Let b be (80/7)/(18/63). Let z = 163 - b. List the prime factors of z.
3, 41
Suppose 5*q + 78 = -8*q. Let l(a) = 8*a**2 - 10*a + 29. List the prime factors of l(q).
13, 29
Suppose -107267 = -3*i - 2*t - 15541, 4*t + 61172 = 2*i. List the prime factors of i.
2, 15289
Suppose -64 = z - 69. Suppose -2*v = -5*u + 3*u + 954, -3*u = -z*v - 1433. Let g = u + -267. List the prime factors of g.
11, 19
Suppose 2143*n - 2151*n = -151656. What are the prime factors of n?
3, 71, 89
Suppose 16*a + 12 = 12. Suppose a = -3*r - 6, r + 1752 = 5*n - 0*n. List the prime factors of n.
2, 5, 7
Let z(c) = c**2 + 15*c + 1. List the prime factors of z(16).
7, 71
Let r(y) = 1813*y + 2216. What are the prime factors of r(0)?
2, 277
Suppose 6316 = 12*z - 29372. What are the prime factors of z?
2, 1487
Let a(i) be the first derivative of 61*i**3/3 + 2*i**2 - 10*i + 36. Let k be a(2). Suppose k = -4*n + 946. What are the prime factors of n?
2, 11
Suppose -66700 = 748*b - 773*b. List the prime factors of b.
2, 23, 29
Suppose -240 = -c - 2*k, -c - 2*k + 240 = k. Let b(q) = -2*q**2 + 20*q - 15. Let x be b(15). Let m = c + x. List the prime factors of m.
3, 5
Let y(h) = 2*h + 2. Let s be y(1). Suppose 0 = -f - 2*z + 479, -s*z = -f - 0*z + 473. What are the prime factors of f?
3, 53
Suppose -6*o + 4*o + 4 = 0. Let z(h) = 2 - 3 + 3*h - 14*h**2 + 34*h**o + 10. List the prime factors of z(3).
2, 3, 11
Let b(l) = 1 - l - 24 + l + 9*l. Let h(t) = -t**3 - 23*t**2 - 3*t - 58. Let n be h(-23). What are the prime factors of b(n)?
2, 19
List the prime factors of ((15 + -2)/(3/2))/((-8)/(-9024)).
2, 13, 47
Suppose 48936 = 3*i + j, -27758 = -i + 2*j - 11460. What are the prime factors of i?
2, 5, 7, 233
Let q(u) be the first derivative of -23/2*u**2 - 17 - 13*u. What are the prime factors of q(-10)?
7, 31
Suppose -2*m + 3*z - 45 = -4*m, -3*z + 30 = m. List the prime factors of (24/(-20))/(((-18)/m)/3).
3
Let c = 445 + -78. Let f = 72 + c. List the prime factors of f.
439
Let t(f) = f**2 + 27*f + 34. Let v be t(-26). Suppose -3*b = -v*b - 6*n + 4495, 3*b + n = 2684. List the prime factors of b.
19, 47
Let v be (1 + 10)/(-1*2/(-16)). Let u = v - 84. Sup